{"id":865,"date":"2024-02-21T12:12:00","date_gmt":"2024-02-21T09:12:00","guid":{"rendered":"https:\/\/www.plastiksandalye.org\/?post_type=product&#038;p=865"},"modified":"2024-07-10T19:40:27","modified_gmt":"2024-07-10T16:40:27","slug":"tonet-sandalye","status":"publish","type":"product","link":"https:\/\/www.plastiksandalye.org\/index.php\/product\/tonet-sandalye\/","title":{"rendered":"Tonet Sandalye"},"content":{"rendered":"<p style=\"text-align: center;\"><strong>TONET SANDALYE<\/strong><\/p>\n<p style=\"text-align: center;\"><strong>\u00dcr\u00fcnde Kullan\u0131lan Malzemeler : Sandalyenin ana ta\u015f\u0131y\u0131c\u0131 profil ayarlar\u0131 32*25*1 mm metal profil, oturak k\u0131sm\u0131 18mm sunta levha \u00fczeri 28 dansite poli\u00fcretan s\u00fcnger, s\u0131rt k\u0131sm\u0131 fu\u015f a\u011fac\u0131ndan imal edilmi\u015f s\u0131rt k\u0131sm\u0131 papeli kurumun belirleyece\u011fi renk suni vinlex deri ile kapat\u0131lacakt\u0131r.<\/strong><br \/>\n<strong>Ayaklar ve Tekerlekler : Sandalyenin ana ta\u015f\u0131y\u0131c\u0131 kutu profil ayaklar\u0131 32*25*1 mm profildir, ayak u\u00e7lar\u0131 plastik ayr\u0131\u015ft\u0131r\u0131c\u0131 koruyucu pabu\u00e7 tak\u0131lacakt\u0131r.<\/strong><br \/>\n<strong>\u0130skelet : Sandalyenin ana ta\u015f\u0131y\u0131c\u0131 kutu profil ayaklar\u0131 32*25*1 mm metal profilden imal edilecektir.<\/strong><br \/>\n<strong>Kuma\u015f : Kurumun belirleyece\u011fi renk suni vinlex deri kullan\u0131lacakt\u0131r.<\/strong><\/p>\n<h3 style=\"text-align: center;\"><strong>Sandalye Y\u00fcksekli\u011fi : 88cm, S\u0131rt Yaslama Y\u00fcksekli\u011fi .: 48cm, Koltuk Derinli\u011fi : 40cm, Koltuk Geni\u015fli\u011fi : 45cm, A\u011f\u0131rl\u0131k : 6.3 Kg.<\/strong><\/h3>\n<p style=\"text-align: center;\"><strong>M\u0130N\u0130MUM S\u0130PAR\u0130\u015e ADET\u0130 50 ADETT\u0130R.<\/strong><\/p>\n<p style=\"text-align: center;\"><strong>T\u00dcRK\u0130YE&#8217;N\u0130N VE D\u00dcNYA&#8217;NIN HER YER\u0130NE G\u00d6NDER\u0130M YAPMAKTAYIZ.<\/strong><\/p>\n","protected":false},"excerpt":{"rendered":"<p>TONET SANDALYE \u00dcr\u00fcnde Kullan\u0131lan Malzemeler : Sandalyenin ana ta\u015f\u0131y\u0131c\u0131 profil ayarlar\u0131 32*25*1 mm metal profil, oturak k\u0131sm\u0131 18mm sunta levha \u00fczeri 28 dansite poli\u00fcretan s\u00fcnger, s\u0131rt<span class=\"excerpt-hellip\"> [\u2026]<\/span><\/p>\n","protected":false},"featured_media":866,"template":"","meta":[],"product_brand":[],"product_cat":[70],"product_tag":[205,74],"class_list":{"0":"post-865","1":"product","2":"type-product","3":"status-publish","4":"has-post-thumbnail","6":"product_cat-sandalyeler","7":"product_tag-tonet-sandalye","8":"product_tag-toptan-sandalye","10":"first","11":"instock","12":"shipping-taxable","13":"product-type-simple"},"yoast_head":"<!-- This site is optimized with the Yoast SEO Premium plugin v22.1 (Yoast SEO v22.1) - https:\/\/yoast.com\/wordpress\/plugins\/seo\/ -->\n<title>Tonet Sandalye - plastiksandalye.org<\/title>\n<meta name=\"robots\" content=\"index, follow, max-snippet:-1, max-image-preview:large, max-video-preview:-1\" \/>\n<link rel=\"canonical\" href=\"https:\/\/www.plastiksandalye.org\/index.php\/product\/tonet-sandalye\/\" \/>\n<meta property=\"og:locale\" content=\"tr_TR\" \/>\n<meta property=\"og:type\" content=\"article\" \/>\n<meta property=\"og:title\" content=\"Tonet Sandalye\" \/>\n<meta property=\"og:description\" content=\"TONET SANDALYE \u00dcr\u00fcnde Kullan\u0131lan Malzemeler : Sandalyenin ana ta\u015f\u0131y\u0131c\u0131 profil ayarlar\u0131 32*25*1 mm metal profil, oturak k\u0131sm\u0131 18mm sunta levha \u00fczeri 28 dansite poli\u00fcretan s\u00fcnger, s\u0131rt [\u2026]\" \/>\n<meta property=\"og:url\" content=\"https:\/\/www.plastiksandalye.org\/index.php\/product\/tonet-sandalye\/\" \/>\n<meta property=\"og:site_name\" content=\"plastiksandalye.org\" \/>\n<meta property=\"article:modified_time\" content=\"2024-07-10T16:40:27+00:00\" \/>\n<meta property=\"og:image\" content=\"https:\/\/www.plastiksandalye.org\/wp-content\/uploads\/2024\/02\/1-seffaf.png\" \/>\n\t<meta property=\"og:image:width\" content=\"1488\" \/>\n\t<meta property=\"og:image:height\" content=\"1938\" \/>\n\t<meta property=\"og:image:type\" content=\"image\/png\" \/>\n<meta name=\"twitter:card\" content=\"summary_large_image\" \/>\n<meta name=\"twitter:label1\" content=\"Tahmini okuma s\u00fcresi\" \/>\n\t<meta name=\"twitter:data1\" content=\"1 dakika\" \/>\n<script type=\"application\/ld+json\" class=\"yoast-schema-graph\">{\"@context\":\"https:\/\/schema.org\",\"@graph\":[{\"@type\":\"WebPage\",\"@id\":\"https:\/\/www.plastiksandalye.org\/index.php\/product\/tonet-sandalye\/\",\"url\":\"https:\/\/www.plastiksandalye.org\/index.php\/product\/tonet-sandalye\/\",\"name\":\"Tonet Sandalye - plastiksandalye.org\",\"isPartOf\":{\"@id\":\"https:\/\/www.plastiksandalye.org\/#website\"},\"datePublished\":\"2024-02-21T09:12:00+00:00\",\"dateModified\":\"2024-07-10T16:40:27+00:00\",\"breadcrumb\":{\"@id\":\"https:\/\/www.plastiksandalye.org\/index.php\/product\/tonet-sandalye\/#breadcrumb\"},\"inLanguage\":\"tr\",\"potentialAction\":[{\"@type\":\"ReadAction\",\"target\":[\"https:\/\/www.plastiksandalye.org\/index.php\/product\/tonet-sandalye\/\"]}]},{\"@type\":\"BreadcrumbList\",\"@id\":\"https:\/\/www.plastiksandalye.org\/index.php\/product\/tonet-sandalye\/#breadcrumb\",\"itemListElement\":[{\"@type\":\"ListItem\",\"position\":1,\"name\":\"Home\",\"item\":\"https:\/\/www.plastiksandalye.org\/\"},{\"@type\":\"ListItem\",\"position\":2,\"name\":\"Ma\u011faza\",\"item\":\"https:\/\/www.plastiksandalye.org\/index.php\/magaza-2\/\"},{\"@type\":\"ListItem\",\"position\":3,\"name\":\"Tonet Sandalye\"}]},{\"@type\":\"WebSite\",\"@id\":\"https:\/\/www.plastiksandalye.org\/#website\",\"url\":\"https:\/\/www.plastiksandalye.org\/\",\"name\":\"plastiksandalye.org\",\"description\":\"Toptan Mobilya &amp; Sandalye - D\u00fcnyan\u0131n Her Yerine G\u00f6nderim!\",\"potentialAction\":[{\"@type\":\"SearchAction\",\"target\":{\"@type\":\"EntryPoint\",\"urlTemplate\":\"https:\/\/www.plastiksandalye.org\/?s={search_term_string}\"},\"query-input\":\"required name=search_term_string\"}],\"inLanguage\":\"tr\"}]}<\/script>\n<!-- \/ Yoast SEO Premium plugin. -->","yoast_head_json":{"title":"Tonet Sandalye - plastiksandalye.org","robots":{"index":"index","follow":"follow","max-snippet":"max-snippet:-1","max-image-preview":"max-image-preview:large","max-video-preview":"max-video-preview:-1"},"canonical":"https:\/\/www.plastiksandalye.org\/index.php\/product\/tonet-sandalye\/","og_locale":"tr_TR","og_type":"article","og_title":"Tonet Sandalye","og_description":"TONET SANDALYE \u00dcr\u00fcnde Kullan\u0131lan Malzemeler : Sandalyenin ana ta\u015f\u0131y\u0131c\u0131 profil ayarlar\u0131 32*25*1 mm metal profil, oturak k\u0131sm\u0131 18mm sunta levha \u00fczeri 28 dansite poli\u00fcretan s\u00fcnger, s\u0131rt [\u2026]","og_url":"https:\/\/www.plastiksandalye.org\/index.php\/product\/tonet-sandalye\/","og_site_name":"plastiksandalye.org","article_modified_time":"2024-07-10T16:40:27+00:00","og_image":[{"width":1488,"height":1938,"url":"https:\/\/www.plastiksandalye.org\/wp-content\/uploads\/2024\/02\/1-seffaf.png","type":"image\/png"}],"twitter_card":"summary_large_image","twitter_misc":{"Tahmini okuma s\u00fcresi":"1 dakika"},"schema":{"@context":"https:\/\/schema.org","@graph":[{"@type":"WebPage","@id":"https:\/\/www.plastiksandalye.org\/index.php\/product\/tonet-sandalye\/","url":"https:\/\/www.plastiksandalye.org\/index.php\/product\/tonet-sandalye\/","name":"Tonet Sandalye - plastiksandalye.org","isPartOf":{"@id":"https:\/\/www.plastiksandalye.org\/#website"},"datePublished":"2024-02-21T09:12:00+00:00","dateModified":"2024-07-10T16:40:27+00:00","breadcrumb":{"@id":"https:\/\/www.plastiksandalye.org\/index.php\/product\/tonet-sandalye\/#breadcrumb"},"inLanguage":"tr","potentialAction":[{"@type":"ReadAction","target":["https:\/\/www.plastiksandalye.org\/index.php\/product\/tonet-sandalye\/"]}]},{"@type":"BreadcrumbList","@id":"https:\/\/www.plastiksandalye.org\/index.php\/product\/tonet-sandalye\/#breadcrumb","itemListElement":[{"@type":"ListItem","position":1,"name":"Home","item":"https:\/\/www.plastiksandalye.org\/"},{"@type":"ListItem","position":2,"name":"Ma\u011faza","item":"https:\/\/www.plastiksandalye.org\/index.php\/magaza-2\/"},{"@type":"ListItem","position":3,"name":"Tonet Sandalye"}]},{"@type":"WebSite","@id":"https:\/\/www.plastiksandalye.org\/#website","url":"https:\/\/www.plastiksandalye.org\/","name":"plastiksandalye.org","description":"Toptan Mobilya &amp; Sandalye - D\u00fcnyan\u0131n Her Yerine G\u00f6nderim!","potentialAction":[{"@type":"SearchAction","target":{"@type":"EntryPoint","urlTemplate":"https:\/\/www.plastiksandalye.org\/?s={search_term_string}"},"query-input":"required name=search_term_string"}],"inLanguage":"tr"}]}},"_links":{"self":[{"href":"https:\/\/www.plastiksandalye.org\/index.php\/wp-json\/wp\/v2\/product\/865","targetHints":{"allow":["GET"]}}],"collection":[{"href":"https:\/\/www.plastiksandalye.org\/index.php\/wp-json\/wp\/v2\/product"}],"about":[{"href":"https:\/\/www.plastiksandalye.org\/index.php\/wp-json\/wp\/v2\/types\/product"}],"wp:featuredmedia":[{"embeddable":true,"href":"https:\/\/www.plastiksandalye.org\/index.php\/wp-json\/wp\/v2\/media\/866"}],"wp:attachment":[{"href":"https:\/\/www.plastiksandalye.org\/index.php\/wp-json\/wp\/v2\/media?parent=865"}],"wp:term":[{"taxonomy":"product_brand","embeddable":true,"href":"https:\/\/www.plastiksandalye.org\/index.php\/wp-json\/wp\/v2\/product_brand?post=865"},{"taxonomy":"product_cat","embeddable":true,"href":"https:\/\/www.plastiksandalye.org\/index.php\/wp-json\/wp\/v2\/product_cat?post=865"},{"taxonomy":"product_tag","embeddable":true,"href":"https:\/\/www.plastiksandalye.org\/index.php\/wp-json\/wp\/v2\/product_tag?post=865"}],"curies":[{"name":"wp","href":"https:\/\/api.w.org\/{rel}","templated":true}]}}